-d485
What is 1032 (base 4) in base 11?
71
Convert -3170 (base 8) to base 10.
-1656
What is -20133132 (base 4) in base 16?
-87de
Convert 243 (base 15) to base 5.
4023
Convert -14a (base 16) to base 7.
-651
Convert -477 (base 14) to base 15.
-3e4
What is -202202 (base 3) in base 8?
-1060
Convert 8b9 (base 14) to base 11.
1334
245 (base 8) to base 13
c9
Convert 2a6a (base 15) to base 2.
10001110001100
What is -2018 (base 13) in base 11?
-3354
Convert -2e8f (base 16) to base 11.
-8a56
What is 600 (base 11) in base 4?
23112
Convert -284 (base 10) to base 5.
-2114
417 (base 9) to base 13
202
-23413 (base 5) to base 12
-1005
Convert 15a78 (base 12) to base 5.
1442113
Convert 11101100110 (base 2) to base 6.
12434
Convert 5a (base 14) to base 3.
2222
What is -1578 (base 12) in base 16?
-9ec
Convert -10131330 (base 4) to base 5.
-1041200
Convert 859 (base 11) to base 9.
1366
Convert -13443 (base 10) to base 12.
-7943
Convert -3917 (base 16) to base 8.
-34427
Convert d08 (base 14) to base 11.
1a14
-1052 (base 15) to base 13
-1757
Convert 21100010 (base 3) to base 5.
132344
What is 1061 (base 15) in base 7?
13051
What is -6 (base 16) in base 7?
-6
What is 32b1 (base 13) in base 16?
1ba1
Convert 173 (base 8) to base 14.
8b
1703 (base 15) to base 16
1359
-41211 (base 6) to base 9
-7457
-1954 (base 12) to base 11
-2358
What is -5244 (base 15) in base 5?
-1024024
What is -1011212221 (base 3) in base 12?
-11551
-110122 (base 3) to base 5
-2331
5305 (base 8) to base 3
10210010
What is 3091 (base 16) in base 4?
3002101
What is 7052 (base 8) in base 10?
3626
10111110 (base 3) to base 4
213312
What is 102 (base 5) in base 6?
43
Convert -372 (base 10) to base 15.
-19c
Convert 101011110000011 (base 2) to base 16.
5783
What is -b50 (base 13) in base 15?
-884
Convert -52241 (base 6) to base 14.
-27a9
What is 102030 (base 4) in base 6?
5220
-10000011 (base 3) to base 4
-202033
6036 (base 7) to base 8
4045
-22665 (base 9) to base 16
-3b15
Convert -54cd (base 14) to base 10.
-14685
What is -452 (base 7) in base 6?
-1025
What is -1122 (base 3) in base 4?
-230
-21133322 (base 4) to base 2
-1001011111111010
What is 554440 (base 6) in base 12?
22a20
Convert 11111100 (base 2) to base 15.
11c
What is -109 (base 11) in base 5?
-1010
11000100110111 (base 2) to base 16
3137
What is -211211 (base 3) in base 12?
-434
Convert 277 (base 8) to base 9.
232
-105466 (base 8) to base 9
-53787
Convert -16698 (base 10) to base 7.
-66453
What is 5023 (base 14) in base 15?
411b
What is 11101101000 (base 2) in base 8?
3550
Convert -130321 (base 4) to base 2.
-11100111001
Convert -5465 (base 7) to base 9.
-2615
What is -465 (base 10) in base 13?
-29a
Convert -200404 (base 7) to base 15.
-a044
-2740 (base 9) to base 16
-80d
-5543 (base 12) to base 4
-2103003
-100112202 (base 3) to base 7
-26201
What is 113053 (base 6) in base 12?
5789
-75b (base 15) to base 2
-11001111101
What is -64b8 (base 15) in base 4?
-11031023
Convert 720 (base 9) to base 7.
1464
-4114 (base 8) to base 14
-aba
-10001001110 (base 2) to base 8
-2116
Convert 2746 (base 8) to base 14.
79c
What is 1712 (base 9) in base 7?
3545
Convert -1010101 (base 2) to base 14.
-61
-6710 (base 10) to base 13
-3092
Convert 3abc (base 16) to base 3.
202121220
What is -2115 (base 7) in base 14?
-3b5
1013 (base 6) to base 16
e1
Convert -112021 (base 3) to base 11.
-320
-141 (base 7) to base 2
-1001110
11f (base 16) to base 8
437
What is -788 (base 12) in base 7?
-3146
What is 1f08 (base 16) in base 8?
17410
348 (base 9) to base 15
142
3 (base 16) to base 6
3
What is -135 (base 8) in base 16?
-5d
Convert 6050 (base 9) to base 10.
4419
-212120220 (base 3) to base 2
-100001100101100
Convert -101010100111000 (base 2) to base 12.
-10760
-10110101010 (base 2) to base 14
-758
-5c7 (base 16) to base 6
-10503
-6078 (base 11) to base 6
-101211
What is -1000011010111 (base 2) in base 7?
-15366
70c (base 13) to base 15
54a
What is 132321 (base 4) in base 8?
3671
Convert 421533 (base 6) to base 13.
126b1
Convert 6764 (base 11) to base 9.
13182
What is -57 (base 11) in base 8?
-76
-10330123 (base 4) to base 6
-233431
What is 10010100 (base 2) in base 6?
404
90b (base 12) to base 14
695
Convert 110100011 (base 2) to base 4.
12203
-10100010 (base 2) to base 3
-20000
Convert -18a18 (base 11) to base 9.
-40334
-1871 (base 14) to base 4
-1010323
876 (base 9) to base 12
4b9
Convert a341 (base 14) to base 15.
84c5
Convert -22123 (base 4) to base 16.
-29b
-1b1 (base 16) to base 4
-12301
-436 (base 11) to base 4
-20023
7086 (base 12) to base 11
918a
Convert -a331 (base 12) to base 4.
-10111111
What is 7482 (base 11) in base 4?
2122203
4274 (base 14) to base 3
120201211
What is 34617 (base 9) in base 10?
23101
Convert 13a (base 11) to base 2.
10100100
2002201 (base 3) to base 16
5fb
Convert -3fea (base 16) to base 9.
-24400
Convert -f4 (base 16) to base 15.
-114
Convert e0de (base 15) to base 14.
1341d
Convert -4654 (base 11) to base 15.
-1c24
-1869 (base 14) to base 7
-15562
-eec (base 16) to base 4
-323230
Convert 14546 (base 7) to base 11.
3054
What is -3123112 (base 4) in base 14?
-518a
-21012212 (base 3) to base 4
-1102031
Convert -5b1 (base 14) to base 15.
-50a
What is -1162 (base 8) in base 6?
-2522
Convert 41883 (base 9) to base 5.
1341241
What is -1404a (base 12) in base 10?
-27706
-1012210 (base 3) to base 13
-531
What is -373 (base 8) in base 4?
-3323
255124 (base 6) to base 15
6ce4
-6 (base 16) to base 11
-6
Convert 2300 (base 4) to base 15.
bb
-1232103 (base 5) to base 6
-303124
Convert -34444 (base 5) to base 13.
-11a3
Convert -12111112 (base 3) to base 8.
-7652
Convert 13a43 (base 12) to base 8.
65423
What is -2b57 (base 12) in base 6?
-35351
Convert -1286 (base 9) to base 3.
-1022220
What is -113 (base 14) in base 5?
-1323
What is -da4b (base 14) in base 4?
-21031003
Convert 3ad8 (base 14) to base 9.
15215
-2cc8 (base 13) to base 11
-4a48
What is -383 (base 11) in base 4?
-13012
Convert -110112222 (base 3) to base 8.
-21700
20011302 (base 4) to base 16
8172
62645 (base 8) to base 2
110010110100101
Convert -3203301 (base 4) to base 13.
-6834
-9c6 (base 14) to base 12
-1156
21200100 (base 3) to base 15
19d3
What is -11001100011011 (base 2) in base 7?
-53100
Convert -1121020 (base 3) to base 6.
-5223
Convert 555 (base 7) to base 13.
18c
Convert -5ca (base 16) to base 6.
-10510
What is 131460 (base 7) in base 6?
305503
Convert -225511 (base 7) to base 2.
-1001110111000000
1077 (base 10) to base 7
3066
Convert -13434 (base 6) to base 13.
-c64
What is -22100012 (base 3) in base 13?
-29c9
Convert 1432 (base 6) to base 5.
3010
What is 1e2 (base 16) in base 3?
122212
Convert 1202210 (base 3) to base 16.
50a
2461 (base 7) to base 13
562
870 (base 9) to base 16
2c7
Convert f97 (base 16) to base 10.
3991
Convert 2324 (base 10) to base 14.
bc0
What is 21524 (base 11) in base 6?
400352
What is 52327 (base 8) in base 14?
7cb5
Convert 875 (base 9) to base 3.
222112
What is -10627 (base 12) in base 16?
-547f
What is 1250 (base 10) in base 9?
1638
Convert 321110 (base 4) to base 15.
1148
-14021 (base 7) to base 6
-25312
What is 1300 (base 9) in base 5?
12342
What is 5910 (base 14) in base 16?
3c8a
What is 324 (base 10) in base 11?
275
90f (base 16) to base 6
14423
What is -163 (base 16) in base 10?
-355
1333213 (base 4) to base 16
1fe7
-13f5 (base 16) to base 3
-21000020
-2211211121 (base 3) to base 4
-31223032
What is 30373 (base 8) in base 13?
5927
110101101110010 (base 2) to base 15
823b
Convert 276 (base 11) to base 8.
505
What is -123 (base 4) in base 12?
-23
-522 (base 6) to base 16
-c2
b6 (base 13) to base 15
9e
What is 121 (base 3) in base 8?
20
-110001011011100 (base 2) to base 5
-1302213
What is 1963 (base 16) in base 2?
1100101100011
112203 (base 4) to base 2
10110100011
What is -22320 (base 4) in base 5?
-10241
-1002 (base 3) to base 11
-27
What is 5615 (base 8) in base 16?
b8d
-332332 (base 4) to base 15
-12da
31100 (base 4) to base 3
1011102
-9a31 (base 11) to base 9
-20122
What is 222020 (base 3) in base 6?
3140
168 (base 9) to base 2
10001111
32324 (base 6) to base 7
15646
What is -a013 (base 11) in base 16?
-340c
What is 1348 (base 11) in base 2?
11011010010
-1021020 (base 3) to base 5
-12144
833 (base 10) to base 5
11313
203142 (base 5) to base 4
